 What is the tens digit of i?
5
Let l = -1240 + 1754. What is the units digit of l?
4
Let n = -820 + 1349. What is the hundreds digit of n?
5
Let z(d) = 5*d**2 + 3*d. Let u be z(4). Let q = -309 - -461. Let a = q - u. What is the units digit of a?
0
Let c = -18 - -4. Let y be -2 + 27 - (-6)/3. Let o = y - c. What is the units digit of o?
1
Suppose -p - 8440 = -5*p. What is the units digit of p?
0
Let v(a) = 749*a**2 - a + 1. What is the units digit of v(1)?
9
Suppose 4 = 4*o + 36. Let f(j) = -11 - 4*j + 0*j**2 + 6*j + j**2. What is the units digit of f(o)?
7
Suppose 10 + 5 = 3*q. Let b(m) = 2*m**2 + 9*m + 3. What is the tens digit of b(q)?
9
Let n = -3 + 0. What is the units digit of -10*n*(-6)/45 - -23?
9
Let p be (-6)/(-9)*13*(4 - -8). Suppose -t = -p - 95. What is the hundreds digit of t?
1
Let q(p) = 5*p**2 + 9*p - 20. What is the hundreds digit of q(-13)?
7
Let m(v) be the first derivative of 4*v**3 - v**2/2 - 2*v - 6. Let l be m(2). Suppose -2*n = -c - n + 16, 2*c + 2*n = l. What is the units digit of c?
9
Let b(n) be the second derivative of -n**3/2 - 11*n**2/2 - 7*n. Let j be b(-5). Suppose -3*t = -4*w + 94, 0 = j*w - 0*w - 2*t - 92. What is the tens digit of w?
2
Suppose -3*p = 2*g - 57, 4*g - 12 = 2*p - 34. Suppose 4*b = -4*l + 24, -3*l - l + 3*b = -p. Suppose l*o - 25 = 15. What is the units digit of o?
8
Let p = -26 - -29. Suppose 330 = -0*v + p*v. What is the units digit of v?
0
Suppose 1435 = 223*w - 216*w. What is the units digit of w?
5
Let x be (-15)/9*(-2 + -1). Let b be -1*3/(-1)*x. Let u = b + 2. What is the units digit of u?
7
Let c = 5 + -14. Let k = c - -39. What is the units digit of k?
0
Suppose -3*w = -6, 0 = 7*r - 2*r - w - 13. Suppose -215 = -3*h - 3*g + 61, -4*h = -r*g - 340. What is the units digit of h?
8
Suppose -22*y = -4774 - 440. What is the hundreds digit of y?
2
Suppose -17 = -4*y + 15. Suppose y - 60 = -2*c - 3*f, -f + 104 = 4*c. Suppose -c + 4 = -2*u. What is the units digit of u?
1
Let l(s) = 2*s - 33. Let p be l(19). Suppose 2*w + 4*c = -18 + 66, -p*w + 120 = -2*c. What is the units digit of w?
4
Let m(v) = v**3. Let f(u) = -20*u**3 + u**2 + 2*u - 2. Let g(q) = -f(q) + 2*m(q). What is the tens digit of g(1)?
2
Suppose -7*r + 12985 = -9716. What is the tens digit of r?
4
Let f be 31/11 - 10/(-55). Suppose 0 = 5*h - f*h - 124. What is the tens digit of h?
6
Let s = 1759 + -653. What is the thousands digit of s?
1
What is the tens digit of (1 + 0)/((-3)/1101*-1)?
6
Let x(c) = -839*c**3 - c. What is the tens digit of x(-1)?
4
Let r(f) = 286*f - 23. What is the tens digit of r(5)?
0
Suppose -2*l + 2044 = 4*x, -5*l + 900 + 4201 = x. What is the thousands digit of l?
1
Let j(r) = -r**3 + 15*r**2 - 23*r + 13. Let n be j(13). Let z = n - 51. What is the units digit of z?
1
Let p(d) = -21 + d**2 + 6*d + 21. What is the units digit of p(-7)?
7
Suppose -m = -4*m + 2*k - 169, -3*m - k = 154. Let f be 634/8 + 2/(-8). Let a = m + f. What is the tens digit of a?
2
Let r be (8/10)/((-8)/60). What is the units digit of (-61)/3*r/2?
1
Let l = 11 - 8. Suppose 3*b - 12 = -3*o, o - 10 = 2*b - 3. Suppose l*t - 79 = o. What is the tens digit of t?
2
Suppose 2*x + 2*x - 200 = 0. Let l be 1/(-6) - x/(-12). Suppose 4 = d - l. What is the units digit of d?
8
Let o be (-3)/((4/(-8))/(-1)). Let j be 2/o - 78/(-18). Suppose m = z + z - 1, 26 = j*m + 2*z. What is the units digit of m?
5
Suppose -6*q + 5*q + 19 = 0. Let n = 5 + q. Let b = n + -12. What is the tens digit of b?
1
What is the units digit of ((-20)/(-35))/(4/14)?
2
Let g(l) = 21*l**2 + 12*l + 31. What is the tens digit of g(-4)?
1
Let x(z) = -2*z - 4 + 6*z - 1 + z. What is the units digit of x(3)?
0
Let k = -4 - -9. Suppose 0 = 2*b - 3*u - 131, -109 - 212 = -k*b + u. Let h = -25 + b. What is the tens digit of h?
3
Let m(r) = 20*r**2 - r - 1. Let p be m(-1). Suppose 0*g = -4*g + p. Suppose -2*d = -g*b - 43, -d - 2*b = -4*d + 70. What is the units digit of d?
4
Suppose -3*a = -4*a + 93. Let q = -60 + a. What is the tens digit of q?
3
Let i be 4/14 + (-144)/14. Let x(b) be the third derivative of b**4/24 + 17*b**3/6 + 2*b**2 - 5. What is the units digit of x(i)?
7
Let u = 68 - -3641. What is the hundreds digit of u?
7
Suppose 0 = 7*f - 16466 - 13053. What is the tens digit of f?
1
Suppose 4 = -j, -5*a = -3*j + 69 + 14. Let w(z) = z**3 + 19*z**2 - 3*z + 11. What is the units digit of w(a)?
8
Let j(y) = -y**2 + 29*y - 83. What is the hundreds digit of j(17)?
1
What is the hundreds digit of 2376 + 3*(-20)/5?
3
Let h(n) = n**3 + 8*n**2 - 19*n - 141. What is the tens digit of h(-8)?
1
Let l(j) = 2*j**3 + 10*j**2 + 16*j - 58. What is the tens digit of l(9)?
5
Suppose -2*m - 2*m = s - 557, 0 = -s - 3. Suppose -l = 3*l - m. Suppose 4*c - l - 13 = 0. What is the units digit of c?
2
Suppose d + 54 = 6*d + 4*h, 0 = -4*d + 3*h + 68. Suppose -3*z = -94 + 1. Let n = z - d. What is the tens digit of n?
1
Suppose -9*c - 5*y - 2081 = -13*c, -c + y + 519 = 0. What is the hundreds digit of c?
5
Suppose -39*n = -38*n - 523. What is the hundreds digit of n?
5
Suppose 2*p = 4*p + 36. Let h = p - -23. What is the units digit of (6/h)/(3/20)?
8
Let d be -3 + ((-8)/(-6))/(4/(-6)). Let q(j) = -1. Let o(x) = -11*x - 7. Let w(t) = o(t) - q(t). What is the units digit of w(d)?
9
Let l(c) = -12*c**3 + 5*c**2 + 38*c + 247. What is the hundreds digit of l(-6)?
7
Suppose -f + 3*t + 106 = 0, -f + 0*t + 78 = 4*t. Let s = -64 + f. What is the tens digit of s?
3
Suppose 0 = 38*g - 43*g + 480. Suppose -7*a - g = -11*a. What is the tens digit of a?
2
Suppose 0 = 3*d - 4*s - 2429, 0 = 2*d + 2*s - 409 - 1201. What is the tens digit of d?
0
What is the units digit of (9 - 57)/4 - -3674?
2
Suppose 213 = j - 147. Suppose 0*h + j = 3*h. What is the units digit of h?
0
Let z = 20 - 11. Let u(k) = 13 - 14 + k**3 - z*k + 9 - 6*k**2. What is the tens digit of u(8)?
6
Suppose 2*o - 3*o = -105. Suppose 5*i + o = 5*p, i + i = 4*p - 78. What is the units digit of -5*(-2)/(20/p)?
9
Let g = 2725 - 1957. What is the tens digit of g?
6
What is the units digit of 7045/((35 - 5)/6)?
9
Suppose -36 = -2*l - 30. Suppose 2*n = 5*h + 46, 0*n + 21 = n - l*h. What is the units digit of n?
3
Let l = -104 + 206. Suppose p = 1, 0 = -4*v - 2*p - 156 - 70. Let f = v + l. What is the units digit of f?
5
Suppose -2*i + 21*o = 19*o - 2968, -5*o + 7420 = 5*i. What is the units digit of i?
4
Let z(v) = 6*v - 19. Let u be z(15). Let r = u + -44. What is the units digit of r?
7
Let w = -13 - -15. Let g(r) = 19*r**2. What is the units digit of g(w)?
6
Let s = 2192 + -754. What is the hundreds digit of s?
4
Suppose -3*j - 63 = 57. Let s = 10 + j. Let p = -15 - s. What is the units digit of p?
5
Let n(i) = -2*i + 9. Let h be n(5). What is the tens digit of 3 + h - 4 - -74?
7
Let w(p) = -4*p - 25. Let z be w(-8). Suppose 0 = z*u - 3*u - 60. What is the units digit of u?
5
Let u(o) = -o**3 + 9*o**2 - 4*o. Let h(t) = t**3 - 7*t**2 + 8. Suppose 2 = 4*y - 26. Let i be h(y). What is the units digit of u(i)?
2
What is the units digit of (-196*2 + 1)/(-1)?
1
Let o(i) = 1502*i - 53. What is the units digit of o(1)?
9
Suppose -v = -4*s - 5, 4*s - 48 = -2*v + 22. Suppose h = 3*b - v + 113, -2*h + 149 = 3*b. What is the tens digit of h?
7
Let x = -1713 + 2593. What is the tens digit of x?
8
Let b(v) = -v**3 + 10*v**2 + 11*v + 24. Let c(j) = j**3 - 9*j**2 - 10*j + 11. Let a be c(10). What is the units digit of b(a)?
4
Let c(p) = -2 - 6 + 3*p - 4*p + 4. Let d be c(-6). Suppose d*w - 280 = -3*w. What is the units digit of w?
6
Let b(u) = -u**2 - 8*u - 12. Let y be b(-5). Suppose 2*f + p + 0*p = 296, y*p + 426 = 3*f. What is the hundreds digit of f?
1
Let g = -22 + 40. Let z be (-9)/g - (-11)/2. Suppose -z - 1 = -2*f. What is the units digit of f?
3
Suppose 4*j + 20 = -j. What is the tens digit of (-4 + (-25)/4)*j?
4
Suppose 5*p - j - 17 = 0, 5*p + 0*j = -2*j + 11. What is the units digit of (-283)/(-5) + p/(-5)?
6
Let p(s) = 8*s + 1. Let t be p(2). Suppose t = 3*a - 286. Suppose 0*n + 9 = 3*n, 5*b - 3*n = a. What is the units digit of b?
2
Suppose 9*w = 10*w - 331. Let a = w - 234. What is the units digit of a?
7
Suppose 1910 = 3*v - 11*k + 7*k, 2*k + 2560 = 4*v. What is the hundreds digit of v?
6
Let j(o) = 17*o - 15. Let f be j(6). Suppose f = 2*l - 297. What is 